{"id":518,"date":"2017-10-17T20:42:10","date_gmt":"2017-10-17T18:42:10","guid":{"rendered":"http:\/\/kinesani.ch\/wp2016\/?page_id=518"},"modified":"2018-09-25T10:03:54","modified_gmt":"2018-09-25T08:03:54","slug":"tierkommunikation","status":"publish","type":"page","link":"https:\/\/kinesani.ch\/wp2016\/index.php\/tierkommunikation\/","title":{"rendered":"Tierkommunikation"},"content":{"rendered":"<p>[vc_row full_width=&#8220;stretch_row&#8220; content_placement=&#8220;middle&#8220; parallax=&#8220;content-moving&#8220; parallax_image=&#8220;493&#8243; css=&#8220;.vc_custom_1487702381000{padding-top: 150px !important;padding-bottom: 150px !important;}&#8220;][vc_column][vc_column_text]<\/p>\n<h1 class=\"uppercase mb0\" style=\"text-align: center;\">TIERKOMMUNIKATION<\/h1>\n<p>[\/vc_column_text][\/vc_column][\/vc_row][vc_row][vc_column width=&#8220;1\/4&#8243;][\/vc_column][vc_column width=&#8220;1\/2&#8243;][vc_column_text]Telepathie heisst f\u00fchlen auf Distanz. F\u00fcr mich ist die Telepathische Tierkommunikation die Sprache von Seele zu Seele oder von Herz zu Herz &#8211; die Herzenssprache. Sie ist die dirkete \u00dcbertragung von Gedanken, Gef\u00fchlen, Bildern, Farben und Ger\u00fcchen. Es ist m\u00f6glich, mit den Tieren auch auf gr\u00f6ssere Distanz in Kontakt zu treten. (Wissenschaftliche Erkl\u00e4rungen siehe unter Rupert Sheldrake).<\/p>\n<h4>Wie funktioniert die Telepathische Tierkommunikation?<\/h4>\n<p>Bei einer telepathischen Tierkommunikation bin ich als &#8222;\u00dcbersetzerin&#8220; zwischen Ihrem Tier und Ihnen t\u00e4tig. Daf\u00fcr ben\u00f6tige ich ein aktuelles Foto Ihres Tieres, den Namen, das ungef\u00e4hre Alter, Tierart\/Rasse, Geschlecht, Kastriert ja oder nein, sowie Ihre Fragen welche Sie an Ihr Tier haben. Diese Angaben k\u00f6nnen Sie mir per Email zusenden. Ich werde mich dann telefonisch bei Ihnen melden um den weiteren Ablauf pers\u00f6nlich mit Ihnen zu besprechen. Bitte daher auch Ihre Telefonnummer angeben.<\/p>\n<h4>Wann k\u00f6nnte Ihnen eine Telepathische Tierkommunikation helfen?<\/h4>\n<ul>\n<li>&#8211; Bei Verbesserung in der Mensch-Tier Beziehung<\/li>\n<li>&#8211; Bei \u00c4ngsten \/ Traumatas<\/li>\n<li>&#8211; Bei ver\u00e4nderten Verhaltensweisen (pl\u00f6tzliches Urinieren, ver\u00e4nderte \u00a0\u00a0\u00a0\u00a0\u00a0Familienkonstellationen, Umzug, Anschaffung eines weiteren Tieres etc.)<\/li>\n<li>&#8211; Bei k\u00f6rperlichen Beschwerden<\/li>\n<li>&#8211; Bei der Sterbebegleitung<\/li>\n<\/ul>\n<p>Bei der Tierkommunikation werden keine Diagnosen erstellt und sie ersetzt auch nicht den Tierarzt! Bei akuten gesundheitlichen Beschwerden, bitte immer als erstes den Tierarzt kontaktieren.<\/p>\n<p><!--more--><\/p>\n<p><em><strong>Liebe Kundinnen und Kunden<\/strong><\/em><\/p>\n<div>Gerne m\u00f6chte ich Sie \u00fcber folgende \u00c4nderung informieren.<\/div>\n<div>\n<p>Aufgrund der Vielzahl von Anfragen \u00fcber WhatsApp, SMS, EMail, Festnetz und Mobile betreffend Tierkommunikation in letzter Zeit,\u00a0ist es mir leider nicht mehr m\u00f6glich, alle Kan\u00e4le zu bedienen.<\/p>\n<p>Ich bitte Sie Tierkommunikationsanfragen nur noch per EMail oder per Telefon w\u00e4hrend den B\u00fcrozeiten an mich zu richten.<\/p>\n<p>Details siehe unter <a href=\"http:\/\/kinesani.ch\/wp2016\/index.php\/pages\/contact-classic\/\">Kontakte\/Preise.<\/a><\/p>\n<div>Besten Dank f\u00fcr Ihr Verst\u00e4ndnis.<\/div>\n<\/div>\n<p>[\/vc_column_text][\/vc_column][vc_column width=&#8220;1\/4&#8243;][\/vc_column][\/vc_row]<\/p>\n","protected":false},"excerpt":{"rendered":"<p>[vc_row full_width=&#8220;stretch_row&#8220; content_placement=&#8220;middle&#8220; parallax=&#8220;content-moving&#8220; parallax_image=&#8220;493&#8243; css=&#8220;.vc_custom_1487702381000{padding-top: 150px !important;padding-bottom: 150px !important;}&#8220;][vc_column][vc_column_text] TIERKOMMUNIKATION [\/vc_column_text][\/vc_column][\/vc_row][vc_row][vc_column width=&#8220;1\/4&#8243;][\/vc_column][vc_column width=&#8220;1\/2&#8243;][vc_column_text]Telepathie heisst f\u00fchlen auf Distanz. F\u00fcr mich ist die Telepathische Tierkommunikation die Sprache von Seele zu Seele oder von Herz zu Herz &#8211; die Herzenssprache. Sie ist die dirkete \u00dcbertragung von Gedanken, Gef\u00fchlen, Bildern, Farben und Ger\u00fcchen. Es ist m\u00f6glich, mit den [&hellip;]<\/p>\n","protected":false},"author":1,"featured_media":0,"parent":0,"menu_order":0,"comment_status":"closed","ping_status":"closed","template":"","meta":[],"_links":{"self":[{"href":"https:\/\/kinesani.ch\/wp2016\/index.php\/wp-json\/wp\/v2\/pages\/518"}],"collection":[{"href":"https:\/\/kinesani.ch\/wp2016\/index.php\/wp-json\/wp\/v2\/pages"}],"about":[{"href":"https:\/\/kinesani.ch\/wp2016\/index.php\/wp-json\/wp\/v2\/types\/page"}],"author":[{"embeddable":true,"href":"https:\/\/kinesani.ch\/wp2016\/index.php\/wp-json\/wp\/v2\/users\/1"}],"replies":[{"embeddable":true,"href":"https:\/\/kinesani.ch\/wp2016\/index.php\/wp-json\/wp\/v2\/comments?post=518"}],"version-history":[{"count":11,"href":"https:\/\/kinesani.ch\/wp2016\/index.php\/wp-json\/wp\/v2\/pages\/518\/revisions"}],"predecessor-version":[{"id":568,"href":"https:\/\/kinesani.ch\/wp2016\/index.php\/wp-json\/wp\/v2\/pages\/518\/revisions\/568"}],"wp:attachment":[{"href":"https:\/\/kinesani.ch\/wp2016\/index.php\/wp-json\/wp\/v2\/media?parent=518"}],"curies":[{"name":"wp","href":"https:\/\/api.w.org\/{rel}","templated":true}]}}